 = -3*k. Calculate the remainder when k is divided by 1.
0
Suppose 69*q - 16*q - 92 - 2505 = 0. What is the remainder when 6908 is divided by q?
48
Suppose 5*x + f - 402 - 24 = 0, -259 = -3*x - 4*f. What is the remainder when x is divided by (-12 + (-290)/(-30))*3/(-1)?
1
Calculate the remainder when 2186880/330 + 10/110 is divided by 26.
23
What is the remainder when ((-1)/(-7) - 571872/(-392)) + -8 is divided by 72?
11
Let f(h) = -2*h**3 - 5*h**2 + 50*h + 21. Let w be f(-9). Let s = -614 + w. Suppose -39 = -5*j + 21. Calculate the remainder when j is divided by s.
2
Suppose -61*r + 1119734 = 50*r + 736*r. What is the remainder when r is divided by 101?
9
Let f(i) = i**3 - 10*i**2 - 21*i - 25. Let r = 228 + -216. Calculate the remainder when 131 is divided by f(r).
10
Suppose -4214 = -38*p - 110. Let t(y) = 2*y**2 + 2*y + 4. Calculate the remainder when p is divided by t(-4).
24
Let t be (-40)/(-22) + (-8)/(-44). Suppose 2*q = -2*z - 0 - t, 10 = 2*z - q. Calculate the remainder when 9 is divided by z.
0
Let p = 1755 - 1740. Calculate the remainder when 371 is divided by p.
11
Let o(l) = 40*l**2 - 3009*l - 2296. What is the remainder when o(76) is divided by 12/5*(-10)/(-3)?
4
Suppose -99 = -2*m + a, m + 2*a - 84 = -m. Let s = 0 - -4. Suppose -24 + s = -2*g. Calculate the remainder when m is divided by g.
7
Let r(p) = 3*p**3 + 10*p**2 + 27. Let z be r(-8). Let w = z - -1852. Calculate the remainder when w is divided by 24.
23
Let b = 9775 - 9620. What is the remainder when 2942 is divided by b?
152
Let s(k) = -k**3 + 21*k**2 + 824*k + 134. Calculate the remainder when s(39) is divided by 12.
8
Let u be 4/(-6)*(-9)/6. Suppose 4*l + 1 - u = 0. Suppose -3*x = 4*y - 169, -x = 2*y - l*x - 83. Calculate the remainder when y is divided by 11.
7
Suppose r - 6 = -r. Suppose 105 = 3*s + 4*k, -s + 69 = s + r*k. Suppose -37*q = -s*q + 178. Calculate the remainder when q is divided by 18.
17
Let f = -3016 + 3154. What is the remainder when 281 is divided by f?
5
Let g(h) = 999*h**2 + 1669*h + 5021. Calculate the remainder when g(-3) is divided by 6.
5
Let m = -157 + 157. Suppose 13*d + 0*d - 624 = m. What is the remainder when d is divided by 10 - 0/((-3)/3)?
8
Suppose -6*c - 40 = -16*c. Suppose -5*z + 0*z = 5*d, -5*d = z + c. Calculate the remainder when 49 is divided by 4 - ((-3)/(-6))/z*-2.
4
Suppose -3*p - 102 = -4*a + 2*a, 2*a = -4*p + 102. What is the remainder when 83 is divided by a?
32
Let b(f) = f**2 + 6*f + 6. Let t be b(-4). Suppose 4*p - 108 = 4*q, 0 = q - 5*p - 28 + 59. What is the remainder when 12 is divided by q/52 + (-21)/4*t?
2
Suppose y + 448 = 3*y + 3*d, 3*d + 242 = y. Suppose 9*t - y - 652 = 0. Calculate the remainder when t is divided by 11.
10
Let v = 132 - 97. Calculate the remainder when 872 is divided by v.
32
Let q be (-1)/(-1) - -3 - -290. Let g = q + -282. What is the remainder when 155 is divided by g?
11
Let h be (-1)/((-1)/(-4))*3/4. What is the remainder when 60 is divided by h*(-4 + (-23)/3)?
25
Suppose -16*n - 2672 = -21*n + 2*g, n - 550 = 3*g. Calculate the remainder when n is divided by 77.
70
Let t(i) = -i**2 - 33*i - 75. Let f be t(-30). Calculate the remainder when 28 is divided by 5904/270 - (-2)/f.
6
Let b = -358 + 440. Let f(t) = t**3 - t - 4. Let a be f(4). Let n = b - a. Calculate the remainder when 74 is divided by n.
22
Let b = 8 + -4. Suppose -b*s + 5*i + 101 = 0, 5*i + 29 = s + 3*i. What is the remainder when (((-1287)/65)/(-11))/(-3*2/(-120)) is divided by s?
17
Suppose 9*o = 248 + 40. What is the remainder when 122 + -2 - 40/(-10) is divided by o?
28
Suppose -184*a + 186*a = v - 62, 4*v - 215 = -3*a. Calculate the remainder when 496 is divided by v.
48
Suppose 2*p - 5*x = 77, 0 = -340*p + 344*p - x - 109. Calculate the remainder when 622 is divided by p.
24
Let z be (0 - -3) + 0 + -13. Let q = 9 + z. What is the remainder when 29 is divided by q/(-2) + (-66)/(-12)?
5
Suppose 63*z + 378 = 69*z. Let u(s) = -s**3 - 7*s**2 - 5*s + 3. Let v be u(-6). Calculate the remainder when z is divided by (0 + 1)*v - -36.
30
Suppose w + 376 = k + 392, -5*k - 58 = -4*w. What is the remainder when 2479 is divided by w?
15
Suppose -3*m - 396*p + 401*p + 2029 = 0, 4*p + 20 = 0. Calculate the remainder when m is divided by 332.
4
Suppose 3*x = -3*t - 165, 276 = -5*t - 3*x - x. What is the remainder when t/(-196) + (2 - (-738)/14) is divided by 19?
17
Let i(v) = -v + 15. Let n be i(11). Suppose -2*a = -n*m - 0 + 20, m - 14 = -4*a. What is the remainder when 104/m - 2 - (-2)/3 is divided by 6?
4
Suppose -425 = 3*j - 1163. What is the remainder when j is divided by 36?
30
Let u = -4026 - -4046. Calculate the remainder when 389 is divided by u.
9
Suppose 7 + 5 = n. Suppose -25*b + 71 = -429. What is the remainder when b is divided by n?
8
Calculate the remainder when 3 - (-47052)/96 - 1/8 is divided by 201.
91
Suppose 3*c + 368 = 2*g - 159, 5*g - 1321 = 4*c. Let w = g - 249. Calculate the remainder when 152 is divided by w.
8
Let o be 2542/16 - 6/(-48). Let t = 168 - o. What is the remainder when (-87)/(-2*(-3)/(-6)) is divided by t?
6
Suppose 0 = -4*j - 5*z + 53, -207 = -5*z - 222. What is the remainder when 104 is divided by j?
2
Let k be ((-408386)/(-33))/19 - (-10)/6. Let o = k - 638. What is the remainder when 104 is divided by o?
14
Let p = -8100 + 9250. What is the remainder when p is divided by 72?
70
Let f = 9 + -6. Let l(u) = -3*u**2 - 66*u**3 + 6*u + 3 + 125*u**3 + 5*u**2 - 60*u**3. What is the remainder when l(f) is divided by 9?
3
Let x(s) = s**3 - 25*s**2 - 9*s + 3427. Calculate the remainder when x(38) is divided by 17.
12
Suppose 3*b + 8 = -3*w - w, 3*b = -5*w - 7. Let g(p) = -2*p + 19. What is the remainder when 149 is divided by g(w)?
13
Calculate the remainder when 947 is divided by 5*(35 + (-153)/(-9)).
167
Let g = -21 - -116. Suppose -3*i = -62 + g. Let v = i - -23. Calculate the remainder when 22 is divided by v.
10
Suppose 32*t - 36*t = -108. What is the remainder when ((-248)/(-36) + 2/(-9))*t is divided by 8?
4
Calculate the remainder when 74 - 3 - (-3 - -14) is divided by 38.
22
Let c = -151 + 215. Let m = 69 - c. Suppose -k = -2*a + 39, m*a + 3*k - 49 = 43. What is the remainder when 71 is divided by a?
14
Let y = -3386 + 3621. Calculate the remainder when 1407 is divided by y.
232
Let n = -3342 - -3656. What is the remainder when n is divided by 83?
65
Let r(d) = d**3 + 44*d**2 + 32*d - 106. Calculate the remainder when r(-43) is divided by 176.
15
Suppose 2*w - 36*y - 1471 = -39*y, -2*y - 718 = -w. Calculate the remainder when w is divided by 245.
238
Suppose 0 = -2*o - 0*o + 46. Let w = 63 + 81. Let a = w + -55. What is the remainder when a is divided by o?
20
Suppose -12*v = 19*v - 131*v + 6100. What is the remainder when 185 is divided by v?
2
Let i(p) = -4*p**2 + 16*p - 103. Let c(r) = r**2 + r - 1. Let j(d) = -3*c(d) - i(d). What is the remainder when j(10) is divided by 11?
5
Suppose 0*q = 3*c - q - 12, -8 = -2*c - 5*q. Let y(m) = 152*m - 16404. What is the remainder when y(108) is divided by ((-24)/(-2))/(6/c)?
4
Let c = 12904 + -10159. What is the remainder when c is divided by 67?
65
Suppose -12870 = -11*b - 2*b. Suppose i = 11*i - b. What is the remainder when i is divided by 26?
21
What is the remainder when 292 is divided by 116/522 + 1832/18?
88
Suppose 3*g - t - 56 = 0, 0*g - 63 = -4*g - t. Let f(k) = k**3 - 11*k**2 + 19*k + 28. Calculate the remainder when f(10) is divided by g.
16
Let n = -22 + 41. Let t(u) = -29*u + 111. Let y = -388 + 388. Calculate the remainder when t(y) is divided by n.
16
Suppose 2*l - 141 = -8*n + 2671, -3*n = 3. Calculate the remainder when 2844 is divided by l.
24
What is the remainder when 8170 is divided by ((-165)/(-40))/(-11) + 2619/72?
34
Suppose -15*t - 20061 - 10186 = -218*t. Calculate the remainder when 866 is divided by t.
121
Suppose -7750 + 28044 = 73*j. What is the remainder when j is divided by 141?
137
Suppose 0 = j - 1 - 9. Let x(h) = 8*h + 26. Let v be x(-3). Suppose -28 = -v*g - 24. Calculate the remainder when j is divided by g.
0
Suppose -70*k = 17*k - 160 - 623. Calculate the remainder when 7312 is divided by k.
4
What is the remainder when 1556 is divided by ((-339)/36 + 9/(-27))*16/(-6)?
22
Let x = -2846 - -3392. Calculate the remain